st common divisor of 65727184 and 1751.
103
What is the greatest common factor of 3266344 and 2248?
2248
What is the greatest common divisor of 140188 and 434444?
1388
What is the greatest common divisor of 13476 and 380542026?
6738
What is the highest common divisor of 112 and 116233747?
7
Calculate the greatest common divisor of 8547946 and 901.
53
Calculate the greatest common divisor of 2929568 and 220448.
2656
Calculate the highest common divisor of 6399 and 43334028.
6399
What is the highest common factor of 3134997 and 240887?
1733
Calculate the greatest common divisor of 480 and 204073080.
120
What is the highest common divisor of 405 and 23920866?
27
Calculate the greatest common factor of 208 and 4790792.
8
What is the greatest common factor of 3625 and 1663625?
125
Calculate the greatest common divisor of 23445602 and 276.
46
Calculate the highest common divisor of 3227 and 7088797.
461
What is the highest common factor of 3990 and 3011785?
665
Calculate the greatest common factor of 138780 and 7060.
20
Calculate the greatest common factor of 4467366 and 54.
54
Calculate the greatest common factor of 820 and 883465130.
410
What is the greatest common divisor of 2064 and 2140652832?
2064
Calculate the highest common factor of 140 and 111206.
2
What is the greatest common divisor of 5678835 and 72645?
2505
Calculate the highest common factor of 888038 and 4988.
58
Calculate the highest common factor of 1438546 and 52622.
634
Calculate the highest common factor of 5842272 and 988.
76
Calculate the greatest common divisor of 15918657 and 4.
1
Calculate the highest common divisor of 23511510 and 484.
242
What is the highest common factor of 989196 and 389946?
102
What is the greatest common factor of 7118392 and 2752?
344
What is the highest common factor of 218481494 and 4312?
1078
What is the highest common divisor of 79330 and 1010?
10
Calculate the highest common factor of 177530 and 23042.
82
Calculate the greatest common factor of 3920 and 5675180.
980
What is the highest common factor of 2634336 and 992?
32
Calculate the highest common divisor of 12217 and 15143.
19
What is the highest common divisor of 2076 and 55507396?
692
Calculate the greatest common divisor of 1675 and 23869353.
67
Calculate the greatest common factor of 9320 and 142905890.
2330
What is the greatest common factor of 707580960 and 480?
480
What is the highest common factor of 549 and 7719367?
61
Calculate the greatest common factor of 2214738 and 96678.
738
Calculate the highest common divisor of 17667 and 883803.
453
Calculate the highest common divisor of 29508713 and 182.
13
What is the greatest common factor of 61006 and 116278?
94
What is the highest common factor of 912740 and 60?
20
Calculate the greatest common divisor of 836 and 30335324.
76
What is the greatest common factor of 4783915 and 89910?
185
What is the highest common factor of 7719 and 143220?
93
What is the highest common divisor of 36030 and 55470?
30
What is the greatest common factor of 70 and 11329885?
35
Calculate the greatest common factor of 3099200 and 81600.
1600
What is the greatest common factor of 252 and 392214564?
252
Calculate the highest common factor of 14886 and 109761921.
7443
What is the highest common factor of 295 and 1372517?
59
What is the highest common factor of 60130 and 44275?
35
Calculate the greatest common factor of 19309430 and 1190.
70
What is the highest common factor of 5026240 and 151420?
2260
What is the greatest common divisor of 42245471 and 2887?
2887
What is the greatest common factor of 730983 and 25245?
561
Calculate the highest common divisor of 55 and 14780.
5
What is the greatest common divisor of 16760 and 41566895?
2095
What is the greatest common factor of 360193 and 4?
1
Calculate the highest common factor of 8694837 and 1683.
153
Calculate the greatest common divisor of 1406144 and 13494.
346
Calculate the highest common factor of 144827 and 19578.
251
What is the highest common divisor of 1169 and 81031573?
1169
What is the highest common factor of 15295 and 16899365?
805
What is the highest common factor of 1645 and 19369?
7
What is the highest common factor of 1112 and 3316644528?
1112
What is the greatest common divisor of 536 and 925716622?
134
What is the highest common divisor of 2390949 and 198?
99
What is the greatest common factor of 1990616 and 56?
8
Calculate the highest common factor of 16867 and 2190539.
167
What is the highest common factor of 12350 and 212990?
190
What is the highest common factor of 7749284 and 2478052?
14324
What is the greatest common divisor of 27825097 and 7170?
239
What is the greatest common factor of 850 and 52469650?
850
What is the highest common factor of 4732 and 69247412?
676
What is the highest common factor of 405963 and 1573155?
387
What is the highest common divisor of 3408 and 19716?
12
Calculate the greatest common factor of 11442648 and 147.
21
What is the highest common divisor of 815409697 and 103?
103
Calculate the greatest common divisor of 202932 and 297459.
27
What is the highest common divisor of 4906880 and 20570?
1870
Calculate the highest common divisor of 7482 and 474935.
43
What is the greatest common divisor of 183 and 20119447?
61
What is the greatest common factor of 1404 and 442232856?
468
Calculate the greatest common divisor of 2016 and 4500552.
168
What is the greatest common factor of 112615322 and 1132?
566
Calculate the highest common divisor of 16 and 205028000.
16
What is the highest common factor of 56885 and 1670745?
155
Calculate the greatest common divisor of 746 and 430928.
2
Calculate the highest common divisor of 1133445178 and 166.
166
What is the greatest common divisor of 152139 and 469365?
3237
What is the greatest common divisor of 5586 and 18368364?
798
Calculate the highest common divisor of 2965352 and 312.
104
Calculate the highest common factor of 72 and 57209940.
36
Calculate the greatest common divisor of 493152 and 23760.
528
Calculate the highest common divisor of 737 and 4359556.
67
What is the highest common factor of 105045 and 4432005?
2235
What is the greatest common factor of 772 and 63788?
4
Calculate the highest common factor of 133252 and 1792.
28
Calculate the greatest common divisor of 333 and 779257.
37
Calculate the highest common divisor of 12933648 and 3136.
784
What is the greatest common divisor of 12536086 and 190?
38
Calculate the greatest common divisor of 132597 and 1285045.
1637
What is the highest common factor of 2 and 24786049?
1
What is the greatest common factor of 624623 and 42816?
223
Calculate the greatest common factor of 586871013 and 3174.
1587
Calculate the greatest common divisor of 1928601 and 13051.
421
What is the highest common divisor of 149907 and 1730235?
1401
What is the greatest common factor of 17865726 and 1032?
258
Calculate the highest common factor of 2 and 127196046.
2
What is the highest common divisor of 148 and 6732779?
37
Calculate the greatest common factor of 4548 and 135588.
12
What is the greatest common factor of 25928500 and 4900?
100
What is the highest common divisor of 583804385 and 3865?
3865
What is the highest common divisor of 6224 and 237986310?
778
What is the highest common divisor of 3280451 and 2411989?
3649
What is the highest common divisor of 44872 and 12709?
71
Calculate the greatest common factor of 12330084 and 312.
156
What is the highest common factor of 119618 and 298?
2
Calculate the greatest common factor of 265 and 153567235.
265
Calculate the greatest common factor of 3448362 and 366.
6
Calculate the greatest common divisor of 560 and 41534080.
560
Calculate the highest common factor of 1869 and 55052641.
623
Calculate the highest common divisor of 61858 and 4040273.
197
What is the highest common divisor of 384969247 and 13?
13
Calculate the highest common divisor of 10734774 and 12543.
339
Calculate the highest common factor of 1080884 and 9436.
28
Calculate the highest common factor of 72100 and 14385.
35
What is the greatest common divisor of 1309600284 and 12?
12
Calculate the highest common factor of 4855195 and 260.
5
Calculate the greatest common factor of 138822 and 4002.
6
Calculate the highest common divisor of 25 and 20202880.
5
What is the g